{"id":1197,"date":"2025-01-21T21:03:44","date_gmt":"2025-01-21T19:03:44","guid":{"rendered":"https:\/\/dekoratsioonid.ee\/?post_type=product&#038;p=1197"},"modified":"2026-02-09T13:44:12","modified_gmt":"2026-02-09T11:44:12","slug":"luhtri-rent-d35cm-h66cm-kood-l27","status":"publish","type":"product","link":"https:\/\/www.dekoratsioonid.ee\/?product=luhtri-rent-d35cm-h66cm-kood-l27","title":{"rendered":"Kristall l\u00fchtri rent, D=35cm, H=66cm, kood: L27."},"content":{"rendered":"<p>Kristall l\u00fchter, D=35cm, H=66cm, kood: L27.<\/p>\n<p>L\u00fchtri kaal: 2,5kg.<\/p>\n<p>Laos 20 tk.<\/p>\n<p>K\u00fcsi hinnapakkumist, rendime ainult koos meie paigaldusega !<\/p>\n","protected":false},"excerpt":{"rendered":"<p>Kristall l\u00fchter, D=35cm, H=66cm, kood: L27. L\u00fchtri kaal: 2,5kg. Laos 20 tk. K\u00fcsi hinnapakkumist, rendime ainult koos meie paigaldusega !<\/p>\n","protected":false},"featured_media":1194,"template":"","meta":[],"product_brand":[],"product_cat":[60,28],"product_tag":[],"class_list":{"0":"post-1197","1":"product","2":"type-product","3":"status-publish","4":"has-post-thumbnail","6":"product_cat-lyhtrid","7":"product_cat-luhtrid-ja-valgustid","9":"first","10":"instock","11":"shipping-taxable","12":"product-type-simple"},"_links":{"self":[{"href":"https:\/\/www.dekoratsioonid.ee\/index.php?rest_route=\/wp\/v2\/product\/1197","targetHints":{"allow":["GET"]}}],"collection":[{"href":"https:\/\/www.dekoratsioonid.ee\/index.php?rest_route=\/wp\/v2\/product"}],"about":[{"href":"https:\/\/www.dekoratsioonid.ee\/index.php?rest_route=\/wp\/v2\/types\/product"}],"wp:featuredmedia":[{"embeddable":true,"href":"https:\/\/www.dekoratsioonid.ee\/index.php?rest_route=\/wp\/v2\/media\/1194"}],"wp:attachment":[{"href":"https:\/\/www.dekoratsioonid.ee\/index.php?rest_route=%2Fwp%2Fv2%2Fmedia&parent=1197"}],"wp:term":[{"taxonomy":"product_brand","embeddable":true,"href":"https:\/\/www.dekoratsioonid.ee\/index.php?rest_route=%2Fwp%2Fv2%2Fproduct_brand&post=1197"},{"taxonomy":"product_cat","embeddable":true,"href":"https:\/\/www.dekoratsioonid.ee\/index.php?rest_route=%2Fwp%2Fv2%2Fproduct_cat&post=1197"},{"taxonomy":"product_tag","embeddable":true,"href":"https:\/\/www.dekoratsioonid.ee\/index.php?rest_route=%2Fwp%2Fv2%2Fproduct_tag&post=1197"}],"curies":[{"name":"wp","href":"https:\/\/api.w.org\/{rel}","templated":true}]}}