{"id":1193,"date":"2025-01-21T20:48:52","date_gmt":"2025-01-21T18:48:52","guid":{"rendered":"https:\/\/dekoratsioonid.ee\/?post_type=product&#038;p=1193"},"modified":"2026-02-09T14:03:01","modified_gmt":"2026-02-09T12:03:01","slug":"luhtri-rent-d80cm-h152cm-kood-l25","status":"publish","type":"product","link":"https:\/\/www.dekoratsioonid.ee\/?product=luhtri-rent-d80cm-h152cm-kood-l25","title":{"rendered":"Kristall l\u00fchtri rent, D=80cm, H=152cm, kood: L25."},"content":{"rendered":"<p>Kristall l\u00fchter, D=80cm, H=152cm, kood: L25.<\/p>\n<p>L\u00fchtri kaal: 22kg.<\/p>\n<p>Laos 16 tk.<\/p>\n<p>K\u00fcsi hinnapakkumist, rendime ainult koos meie paigaldusega !<\/p>\n","protected":false},"excerpt":{"rendered":"<p>Kristall l\u00fchter, D=80cm, H=152cm, kood: L25. L\u00fchtri kaal: 22kg. Laos 16 tk. K\u00fcsi hinnapakkumist, rendime ainult koos meie paigaldusega !<\/p>\n","protected":false},"featured_media":1195,"template":"","meta":[],"product_brand":[],"product_cat":[60,28],"product_tag":[],"class_list":{"0":"post-1193","1":"product","2":"type-product","3":"status-publish","4":"has-post-thumbnail","6":"product_cat-lyhtrid","7":"product_cat-luhtrid-ja-valgustid","9":"first","10":"instock","11":"shipping-taxable","12":"product-type-simple"},"_links":{"self":[{"href":"https:\/\/www.dekoratsioonid.ee\/index.php?rest_route=\/wp\/v2\/product\/1193","targetHints":{"allow":["GET"]}}],"collection":[{"href":"https:\/\/www.dekoratsioonid.ee\/index.php?rest_route=\/wp\/v2\/product"}],"about":[{"href":"https:\/\/www.dekoratsioonid.ee\/index.php?rest_route=\/wp\/v2\/types\/product"}],"wp:featuredmedia":[{"embeddable":true,"href":"https:\/\/www.dekoratsioonid.ee\/index.php?rest_route=\/wp\/v2\/media\/1195"}],"wp:attachment":[{"href":"https:\/\/www.dekoratsioonid.ee\/index.php?rest_route=%2Fwp%2Fv2%2Fmedia&parent=1193"}],"wp:term":[{"taxonomy":"product_brand","embeddable":true,"href":"https:\/\/www.dekoratsioonid.ee\/index.php?rest_route=%2Fwp%2Fv2%2Fproduct_brand&post=1193"},{"taxonomy":"product_cat","embeddable":true,"href":"https:\/\/www.dekoratsioonid.ee\/index.php?rest_route=%2Fwp%2Fv2%2Fproduct_cat&post=1193"},{"taxonomy":"product_tag","embeddable":true,"href":"https:\/\/www.dekoratsioonid.ee\/index.php?rest_route=%2Fwp%2Fv2%2Fproduct_tag&post=1193"}],"curies":[{"name":"wp","href":"https:\/\/api.w.org\/{rel}","templated":true}]}}